*16296/16)/(0 - -1) a composite number?
True
Suppose 57*l + 40*l - 4945060 = 6364849. Is l a prime number?
False
Let m be 4/(-70)*5*-21. Suppose 5*a + 2195 = m*a. Is a prime?
False
Let l be (-1)/1*(-3 + -10 + 12). Is 945/189*(l + (-1386)/(-5)) a prime number?
False
Let o(k) = 59*k**2 - 81*k + 3. Let n(v) = 2*v**3 + 29*v**2 - 13*v + 17. Let b be n(-15). Is o(b) composite?
False
Suppose -21*u + 19*u + t = -56338, t + 112676 = 4*u. Is u composite?
True
Let w = -367335 + 590972. Is w a composite number?
False
Suppose 93 = 3*f + 2*i, 5*f - i - 2 - 140 = 0. Suppose 4*t = 5*z - 17, t + 2 - f = -5*z. Suppose 3*x - 3863 = 5*k, -5*x + t*k = 6*k - 6463. Is x composite?
False
Suppose 0*p = 5*f + 5*p + 50, -2*f - 4 = -2*p. Let d(z) = -5*z**3 - 11*z**2 - 49*z - 13. Is d(f) composite?
True
Is (-98)/84 + (-22759387)/(-42) prime?
True
Is -47*-4*(-3057)/(-12) a composite number?
True
Suppose -5*h = 5*x + 235, 4*h - 8*h - 232 = 5*x. Let o = -28 - x. Let v = o - -169. Is v a prime number?
False
Let h(p) = 3809*p**2 + 5364*p - 2. Is h(9) a prime number?
True
Suppose -382*h + 379*h + 358359 = 0. Suppose -12*x + h = 7*x. Is x a prime number?
True
Let b = 57068 + 32903. Is b prime?
False
Let g = 207 + -193. Is (-2)/4 - ((-30359)/g - 6) prime?
False
Let j(d) = -107*d + 15. Let p(z) = -215*z + 30. Let t(u) = -5*j(u) + 3*p(u). Is t(-2) a prime number?
False
Suppose z - g = 465874, -26*g = -4*z - 27*g + 1863481. Is z composite?
True
Suppose 51739 = 3*o - 2*t, 3*o + 4*t + 86233 = 8*o. Suppose o = -2*b + 7*b. Is b composite?
False
Let d be (0 - (-596)/12)/(3/(-54)). Let x = d - -1612. Is x a composite number?
True
Let o(u) = 162*u**2 + 5*u + 464903. Is o(0) a prime number?
False
Let b = -3 + 7. Let h = 585 + -583. Is b - 0 - -51 - h a prime number?
True
Suppose -4*a - i - 34467 = 2*i, -3*i = a + 8628. Let d = 17194 + a. Is d prime?
True
Let k(z) = 217*z**3 + 29*z**2 + 4*z - 118. Let m(w) = -72*w**3 - 9*w**2 - 2*w + 39. Let x(c) = -2*k(c) - 7*m(c). Is x(4) a prime number?
True
Let g = -197 - -180. Let l(f) = -f**2 - 30*f + 38. Is l(g) a prime number?
False
Let p(n) be the second derivative of n**5/10 + 13*n**4/4 + n**3 + 4*n**2 - 31*n. Let l be p(-16). Is l/2 + (10 - 9) composite?
False
Let h = 609 + -608. Is 3953 + (-2)/(h/2*1) a prime number?
False
Let y = 68473 + -31728. Suppose -95*g = -96*g + y. Is g composite?
True
Let v = 175 + -249. Let h = v + 1909. Is h composite?
True
Let x(n) = 9*n - 6. Let r be x(-2). Let a = r - -25. Let o = 33 + a. Is o prime?
False
Let f(a) = 498*a**2 + 44*a - 231. Is f(5) a composite number?
True
Suppose l - 17 = -13. Suppose -l*r = -3*r - 1013. Let i = r - -1304. Is i a composite number?
True
Suppose -10 = -4*r - 2*i, -r - 15 = -4*r + i. Suppose -r*q + 2084 = 4*b, 9*q - 4*q - 2605 = -b. Is q a prime number?
True
Suppose -2*y + 352380 = -p - 82457, 4*y = 4*p + 869680. Is y a composite number?
True
Suppose 0 = -2*d + 3*o - 178, 0*d - o + 174 = -2*d. Let x = -81 - d. Suppose 3*n = -x*t + 4522, -2*t + 6*t + 7549 = 5*n. Is n prime?
False
Let s(v) = -2332*v + 915. Is s(-14) prime?
True
Let g(k) = 195*k**2 - 12*k - 36. Let a be g(5). Is (a/243)/(2/6) composite?
False
Let l be ((-68702)/8)/((-29)/116). Suppose -9*s - 5092 = -l. Is s a prime number?
True
Suppose 10610 = -83*b + 88*b. Let q = -483 + b. Is q composite?
True
Suppose 12*p - 317581 + 91897 = 0. Suppose -p = -9*g - 3894. Is g a composite number?
False
Suppose b - 5*j = -35, j - 27 - 61 = 2*b. Let x = 33 + b. Is (2/(-6))/(x/21996) composite?
True
Let y(t) = 3*t**3 + 27*t**2 + 11*t + 1. Let d(i) = -i**3 - 9*i**2 - 4*i. Let f(m) = 8*d(m) + 3*y(m). Let n = -113 - -105. Is f(n) a prime number?
True
Let o be 6/((1 - 2)/(5/(-10))). Suppose v + o = 6, -2*v + 322 = 4*b. Suppose -2*c = -c - 3*k - 79, 0 = c - 2*k - b. Is c prime?
True
Let v(x) = 2*x**3 - 5*x**2 + 3*x - 2. Let z be v(2). Suppose -2*d - w + 2340 = z, -5*d - 4*w = 651 - 6498. Let o = d - 494. Is o composite?
False
Let p(s) = 1645*s - 2136. Is p(25) composite?
True
Suppose 3898035 = 18*q - 4234779. Is q a composite number?
False
Let r(m) = -17468*m + 1277. Is r(-3) composite?
False
Suppose 25*p + 24*p - 1680161 = 0. Is p a prime number?
False
Let b be (52/8 + -9)*-2. Suppose 28647 + 4914 = b*q - 4*v, -5*v = 20. Is q a prime number?
True
Let n = -1859 + 1986. Is n a composite number?
False
Suppose 2*f + 2*f = 3564. Let u(b) = -4*b - 71. Let m be u(-19). Suppose -5*t - f = -d, -d - 4*d + 4495 = -m*t. Is d a composite number?
True
Let m(x) = 132*x**2 - 45*x**2 - 37*x**2 + 7 - 32*x**2 - 2*x + 0. Let f = 8 - 4. Is m(f) a prime number?
False
Let j(f) = -54480*f - 3562. Is j(-6) a prime number?
False
Let c be (3182 + 1)/(-7*(-4)/140). Let g = c - 8632. Is g a composite number?
False
Suppose -15*l + 210 = -8*l. Is (-1)/(-1)*(-10)/(l/(-7929)) composite?
True
Let t be (1 - -2) + (30 - 28). Suppose -t*b = -3*h + 10776, 8*b - 7189 = -2*h + 13*b. Is h composite?
True
Let w = -14718 - -23116. Let g = 14067 - w. Is g prime?
True
Let b(i) = -i**3 - i**2 + 2*i - 2. Let m be b(2). Let l(a) = -a**3 + a**2 + 1. Let z be l(0). Is (-8 - -126)*z/((-4)/m) composite?
True
Let p be 12/10*20/8. Suppose 0*m - m + 3*d - 1 = 0, 3*m - 5*d + p = 0. Is (m/(-2) - 1)/((-5)/2230) composite?
False
Suppose -2*r + 163074 = 7*j - 12*j, -r - j = -81523. Is r prime?
True
Let w(m) = 6*m**2 - 6*m + 8797. Let j(t) = 4*t**2 - 4*t + 5864. Let i(p) = 8*j(p) - 5*w(p). Is i(0) a prime number?
True
Is (7 - -23911)*(2/(-4))/(1/(-1)) prime?
True
Suppose -944*b - 511174 = -946*b. Is b a composite number?
False
Suppose g = 2*p - 140163, 9*g - 6*g - 280301 = -4*p. Is p composite?
False
Let h = 97 - 87. Let w(l) = 952*l - 75. Is w(h) a prime number?
False
Let p(i) = -i**3 + 176*i**2 - 6*i + 1037. Let z be p(176). Let j(f) be the second derivative of -f**5/20 - 17*f**4/12 + 17*f**3/6 + 5*f**2 - f. Is j(z) prime?
True
Is (-1)/(-6)*0 + (-3 - -1778*5) a composite number?
False
Suppose 0 = -2*i - 8, 0*c + 4*c + 4*i - 72 = 0. Suppose 3*g - c + 7 = 0, 6323 = 3*h - 2*g. Suppose 0 = -7*y + 1998 + h. Is y a composite number?
False
Suppose -34*a - 2347 = -307. Is (8108/10)/((-8)/a) composite?
True
Let v = -5660 - -2665. Let l = v + 4288. Is l a prime number?
False
Suppose 0 = -3*b - 125331 - 47235. Is ((-2)/4)/(-7 - 402651/b) prime?
True
Let n = 99 + -95. Suppose -n*h = -3*h - 60. Suppose -19*g = -23*g + h. Is g a prime number?
False
Let b(n) = 19864*n**2 - 29*n + 30. Let g be b(1). Suppose 133141 = 42*h - g. Is h composite?
False
Let p = 877 - 874. Suppose -p*t + 3605 + 11506 = -4*n, 0 = 5*t - 2*n - 25199. Is t a composite number?
True
Is ((-213)/142)/((-1201930)/3605736 - 8/(-24)) a composite number?
True
Suppose 3*y = -2*s + 10693, 0*s + 3562 = y + 3*s. Let x = -2508 + y. Is x composite?
True
Let u(v) = 3586 - 1799 - 67*v + 86*v + 159*v - 1812. Let f(p) = 2*p + 2. Let i be f(3). Is u(i) composite?
False
Suppose -27*x - 1460845 = -4938472. Is x prime?
False
Let w = 3989 - 1868. Suppose -v + w = -3926. Is v a composite number?
False
Suppose -8*q + 4*q + 72 = 4*j, -2*q = -2*j + 32. Suppose -834 = -j*t + 15*t. Is 1/(3 - t/(-1947)*-14) a prime number?
False
Let a be ((-1500)/(-9))/((-8)/(-564)). Suppose 0 = 4*i - 2*m - a, 2*i - 6*i + 11753 = -m. Is i composite?
False
Suppose 5*z + 3*s = 4*s + 16, -4*s = -z + 7. Suppose z*h + 10*k - 600 = 13*k, 0 = -3*h - 4*k + 621. Is h a composite number?
True
Suppose -41*g + 42*g = 5. Suppose -x = 4*c - 22034, 0 = -g*c - 5*x + 3489 + 24046. Is c prime?
False
Let g be ((-7)/(-21))/(3/(-45)). Let n = -248 + 696. Let u = n + g. Is u composite?
False
Is -1240167*(50/(-186) + (-22)/341) a composite number?
True
Let j be 63/42 + (-146)/4. Let r = j - -37. Suppose t + 2*t - 1373 = -p, -r*t = -4*p + 5436. Is p composite?
False
Let s be (4942/35)/(1/200). Suppose 3*o + y - s = 0, -y + 0*y + 37655 = 4*o. Suppose -o = -34*g + 29*g. Is g prime?
False
Let x(r) = 698*r**3 + 24*r**2 - 41*r - 4. Is x(7) composite?
True
Let o(i) = 3*i + 90. Let h be o(8). Suppose 0 = 2*g - h - 154. Is g a composite number?
True
Let f(i) be the third derivative of 7*i**5/60 + 11*i**4/12 + i**3/3 - 18*i**2 - 2*i. Is f(-28) prime?
False
Suppose 4*c + 0*c = -2060. Let r(d) = -3*d**3 - 59*d**2 - 12*d - 18. Let g be r(-18). Let q = c - g. Is q prime?
True
Let u = 569986 + 100351. Is u a prime number?
Fa